{"id":704,"date":"2024-11-18T09:22:52","date_gmt":"2024-11-18T09:22:52","guid":{"rendered":"http:\/\/www.cyclesomega.fr\/?page_id=704"},"modified":"2024-11-18T09:36:47","modified_gmt":"2024-11-18T09:36:47","slug":"tarifs","status":"publish","type":"page","link":"http:\/\/www.cyclesomega.fr\/?page_id=704","title":{"rendered":"Tarifs atelier"},"content":{"rendered":"\t\t<div data-elementor-type=\"wp-page\" data-elementor-id=\"704\" class=\"elementor elementor-704\">\n\t\t\t\t\t\t\t\t\t<section class=\"elementor-section elementor-top-section elementor-element elementor-element-43fefe3 elementor-section-boxed elementor-section-height-default elementor-section-height-default\" data-id=\"43fefe3\" data-element_type=\"section\" data-settings=\"{&quot;jet_parallax_layout_list&quot;:[{&quot;jet_parallax_layout_image&quot;:{&quot;url&quot;:&quot;&quot;,&quot;id&quot;:&quot;&quot;},&quot;_id&quot;:&quot;530417e&quot;,&quot;jet_parallax_layout_speed&quot;:{&quot;unit&quot;:&quot;%&quot;,&quot;size&quot;:&quot;50&quot;,&quot;sizes&quot;:[]},&quot;jet_parallax_layout_bg_x&quot;:&quot;50&quot;,&quot;jet_parallax_layout_bg_y&quot;:&quot;50&quot;,&quot;jet_parallax_layout_image_tablet&quot;:{&quot;url&quot;:&quot;&quot;,&quot;id&quot;:&quot;&quot;},&quot;jet_parallax_layout_image_mobile&quot;:{&quot;url&quot;:&quot;&quot;,&quot;id&quot;:&quot;&quot;},&quot;jet_parallax_layout_type&quot;:&quot;scroll&quot;,&quot;jet_parallax_layout_direction&quot;:null,&quot;jet_parallax_layout_fx_direction&quot;:null,&quot;jet_parallax_layout_z_index&quot;:&quot;&quot;,&quot;jet_parallax_layout_bg_x_tablet&quot;:&quot;&quot;,&quot;jet_parallax_layout_bg_x_mobile&quot;:&quot;&quot;,&quot;jet_parallax_layout_bg_y_tablet&quot;:&quot;&quot;,&quot;jet_parallax_layout_bg_y_mobile&quot;:&quot;&quot;,&quot;jet_parallax_layout_bg_size&quot;:&quot;auto&quot;,&quot;jet_parallax_layout_bg_size_tablet&quot;:&quot;&quot;,&quot;jet_parallax_layout_bg_size_mobile&quot;:&quot;&quot;,&quot;jet_parallax_layout_animation_prop&quot;:&quot;transform&quot;,&quot;jet_parallax_layout_on&quot;:[&quot;desktop&quot;,&quot;tablet&quot;]}]}\">\n\t\t\t\t\t\t<div class=\"elementor-container elementor-column-gap-default\">\n\t\t\t\t\t<div class=\"elementor-column elementor-col-100 elementor-top-column elementor-element elementor-element-15f4d40\" data-id=\"15f4d40\" data-element_type=\"column\">\n\t\t\t<div class=\"elementor-widget-wrap elementor-element-populated\">\n\t\t\t\t\t\t\t\t<div class=\"elementor-element elementor-element-e3d76d4 elementor-align-center elementor-widget elementor-widget-raven-heading\" data-id=\"e3d76d4\" data-element_type=\"widget\" data-widget_type=\"raven-heading.default\">\n\t\t\t\t<div class=\"elementor-widget-container\">\n\t\t\t\t\t<div class=\"raven-widget-wrapper\"><h1 class=\"raven-heading raven-heading-h1\"><span class=\"raven-heading-title \">Tarifs atelier<\/span><\/h1><\/div>\r\n\t\t\t\t<\/div>\n\t\t\t\t<\/div>\n\t\t\t\t<div class=\"elementor-element elementor-element-b4f118e elementor-widget elementor-widget-spacer\" data-id=\"b4f118e\" data-element_type=\"widget\" data-widget_type=\"spacer.default\">\n\t\t\t\t<div class=\"elementor-widget-container\">\n\t\t\t<style>\/*! elementor - v3.6.5 - 27-04-2022 *\/\n.e-container.e-container--row .elementor-spacer-inner{width:var(--spacer-size)}.e-container.e-container--column .elementor-spacer-inner,.elementor-column .elementor-spacer-inner{height:var(--spacer-size)}<\/style>\t\t<div class=\"elementor-spacer\">\n\t\t\t<div class=\"elementor-spacer-inner\"><\/div>\n\t\t<\/div>\n\t\t\t\t<\/div>\n\t\t\t\t<\/div>\n\t\t\t\t\t<\/div>\n\t\t<\/div>\n\t\t\t\t\t\t\t<\/div>\n\t\t<\/section>\n\t\t\t\t<section class=\"elementor-section elementor-top-section elementor-element elementor-element-817b58d elementor-section-boxed elementor-section-height-default elementor-section-height-default\" data-id=\"817b58d\" data-element_type=\"section\" data-settings=\"{&quot;jet_parallax_layout_list&quot;:[]}\">\n\t\t\t\t\t\t<div class=\"elementor-container elementor-column-gap-default\">\n\t\t\t\t\t<div class=\"elementor-column elementor-col-66 elementor-top-column elementor-element elementor-element-b889f7d\" data-id=\"b889f7d\" data-element_type=\"column\">\n\t\t\t<div class=\"elementor-widget-wrap elementor-element-populated\">\n\t\t\t\t\t\t\t\t<div class=\"elementor-element elementor-element-23d5b29 elementor-widget elementor-widget-jet-price-list\" data-id=\"23d5b29\" data-element_type=\"widget\" data-widget_type=\"jet-price-list.default\">\n\t\t\t\t<div class=\"elementor-widget-container\">\n\t\t\t<div class=\"elementor-jet-price-list jet-elements\">\n<ul class=\"jet-price-list\"><li class=\"price-list__item\"><div class=\"price-list__item-inner\"><div class=\"price-list__item-content\"><div class=\"price-list__item-title__wrapper\"><h5 class=\"price-list__item-title\">Main d'oeuvre<\/h5><div class=\"price-list__item-separator\"><\/div><div class=\"price-list__item-price\">90\u20ac\/heure<\/div><\/div><div class=\"price-list__item-desc\">-25% pour les v\u00e9los achet\u00e9s en magasin<\/div><\/div><\/div><\/li><li class=\"price-list__item\"><div class=\"price-list__item-inner\"><div class=\"price-list__item-content\"><div class=\"price-list__item-title__wrapper\"><h5 class=\"price-list__item-title\">Montage v\u00e9lo complet<\/h5><div class=\"price-list__item-separator\"><\/div><div class=\"price-list__item-price\">199\u20ac<\/div><\/div><\/div><\/div><\/li><li class=\"price-list__item\"><div class=\"price-list__item-inner\"><div class=\"price-list__item-content\"><div class=\"price-list__item-title__wrapper\"><h5 class=\"price-list__item-title\">Purge frein VTT<\/h5><div class=\"price-list__item-separator\"><\/div><div class=\"price-list__item-price\">25\u20ac<\/div><\/div><\/div><\/div><\/li><li class=\"price-list__item\"><div class=\"price-list__item-inner\"><div class=\"price-list__item-content\"><div class=\"price-list__item-title__wrapper\"><h5 class=\"price-list__item-title\">Purge frein route<\/h5><div class=\"price-list__item-separator\"><\/div><div class=\"price-list__item-price\">30\u20ac<\/div><\/div><\/div><\/div><\/li><li class=\"price-list__item\"><div class=\"price-list__item-inner\"><div class=\"price-list__item-content\"><div class=\"price-list__item-title__wrapper\"><h5 class=\"price-list__item-title\">Nettoyage<\/h5><div class=\"price-list__item-separator\"><\/div><div class=\"price-list__item-price\">45\u20ac<\/div><\/div><\/div><\/div><\/li><li class=\"price-list__item\"><div class=\"price-list__item-inner\"><div class=\"price-list__item-content\"><div class=\"price-list__item-title__wrapper\"><h5 class=\"price-list__item-title\">R\u00e9glage de transmission<\/h5><div class=\"price-list__item-separator\"><\/div><div class=\"price-list__item-price\">20\u20ac<\/div><\/div><\/div><\/div><\/li><\/ul><\/div>\t\t<\/div>\n\t\t\t\t<\/div>\n\t\t\t\t\t<\/div>\n\t\t<\/div>\n\t\t\t\t<div class=\"elementor-column elementor-col-33 elementor-top-column elementor-element elementor-element-080ee66\" data-id=\"080ee66\" data-element_type=\"column\">\n\t\t\t<div class=\"elementor-widget-wrap\">\n\t\t\t\t\t\t\t\t\t<\/div>\n\t\t<\/div>\n\t\t\t\t\t\t\t<\/div>\n\t\t<\/section>\n\t\t\t\t<section class=\"elementor-section elementor-top-section elementor-element elementor-element-12c82f7 elementor-section-full_width elementor-section-height-default elementor-section-height-default\" data-id=\"12c82f7\" data-element_type=\"section\" data-settings=\"{&quot;jet_parallax_layout_list&quot;:[{&quot;jet_parallax_layout_image&quot;:{&quot;url&quot;:&quot;&quot;,&quot;id&quot;:&quot;&quot;},&quot;_id&quot;:&quot;fecc20e&quot;,&quot;jet_parallax_layout_speed&quot;:{&quot;unit&quot;:&quot;%&quot;,&quot;size&quot;:&quot;50&quot;,&quot;sizes&quot;:[]},&quot;jet_parallax_layout_bg_x&quot;:&quot;50&quot;,&quot;jet_parallax_layout_bg_y&quot;:&quot;50&quot;,&quot;jet_parallax_layout_image_tablet&quot;:{&quot;url&quot;:&quot;&quot;,&quot;id&quot;:&quot;&quot;},&quot;jet_parallax_layout_image_mobile&quot;:{&quot;url&quot;:&quot;&quot;,&quot;id&quot;:&quot;&quot;},&quot;jet_parallax_layout_type&quot;:&quot;scroll&quot;,&quot;jet_parallax_layout_direction&quot;:null,&quot;jet_parallax_layout_fx_direction&quot;:null,&quot;jet_parallax_layout_z_index&quot;:&quot;&quot;,&quot;jet_parallax_layout_bg_x_tablet&quot;:&quot;&quot;,&quot;jet_parallax_layout_bg_x_mobile&quot;:&quot;&quot;,&quot;jet_parallax_layout_bg_y_tablet&quot;:&quot;&quot;,&quot;jet_parallax_layout_bg_y_mobile&quot;:&quot;&quot;,&quot;jet_parallax_layout_bg_size&quot;:&quot;auto&quot;,&quot;jet_parallax_layout_bg_size_tablet&quot;:&quot;&quot;,&quot;jet_parallax_layout_bg_size_mobile&quot;:&quot;&quot;,&quot;jet_parallax_layout_animation_prop&quot;:&quot;transform&quot;,&quot;jet_parallax_layout_on&quot;:[&quot;desktop&quot;,&quot;tablet&quot;]}]}\">\n\t\t\t\t\t\t<div class=\"elementor-container elementor-column-gap-default\">\n\t\t\t\t\t<div class=\"elementor-column elementor-col-100 elementor-top-column elementor-element elementor-element-d382d87\" data-id=\"d382d87\" data-element_type=\"column\">\n\t\t\t<div class=\"elementor-widget-wrap elementor-element-populated\">\n\t\t\t\t\t\t\t\t<div class=\"elementor-element elementor-element-7f3a674 elementor-widget elementor-widget-raven-image\" data-id=\"7f3a674\" data-element_type=\"widget\" data-widget_type=\"raven-image.default\">\n\t\t\t\t<div class=\"elementor-widget-container\">\n\t\t\t\t\t<div class=\"raven-image\">\r\n\t\t\r\n\t\t\r\n\t\t<img loading=\"lazy\" decoding=\"async\" width=\"1751\" height=\"625\" src=\"http:\/\/www.cyclesomega.fr\/wp-content\/uploads\/2022\/05\/rise.png\" class=\"attachment-full size-full\" alt=\"\" srcset=\"http:\/\/www.cyclesomega.fr\/wp-content\/uploads\/2022\/05\/rise.png 1751w, http:\/\/www.cyclesomega.fr\/wp-content\/uploads\/2022\/05\/rise-300x107.png 300w, http:\/\/www.cyclesomega.fr\/wp-content\/uploads\/2022\/05\/rise-1024x366.png 1024w, http:\/\/www.cyclesomega.fr\/wp-content\/uploads\/2022\/05\/rise-768x274.png 768w, http:\/\/www.cyclesomega.fr\/wp-content\/uploads\/2022\/05\/rise-1536x548.png 1536w\" sizes=\"auto, (max-width: 1751px) 100vw, 1751px\" \/>\t\t<\/div>\r\n\t\t\t\t<\/div>\n\t\t\t\t<\/div>\n\t\t\t\t\t<\/div>\n\t\t<\/div>\n\t\t\t\t\t\t\t<\/div>\n\t\t<\/section>\n\t\t\t\t\t\t\t<\/div>\n\t\t","protected":false},"excerpt":{"rendered":"<p>Tarifs atelier Main d&#8217;oeuvre 90\u20ac\/heure-25% pour les v\u00e9los achet\u00e9s en magasin Montage v\u00e9lo complet 199\u20ac Purge frein VTT 25\u20ac Purge frein route 30\u20ac Nettoyage 45\u20ac R\u00e9glage de transmission 20\u20ac<\/p>\n","protected":false},"author":1,"featured_media":0,"parent":0,"menu_order":0,"comment_status":"closed","ping_status":"closed","template":"elementor_header_footer","meta":{"footnotes":""},"class_list":["post-704","page","type-page","status-publish","hentry"],"acf":[],"yoast_head":"<!-- This site is optimized with the Yoast SEO plugin v24.7 - https:\/\/yoast.com\/wordpress\/plugins\/seo\/ -->\n<title>Tarifs atelier - Cycle Omega<\/title>\n<meta name=\"robots\" content=\"index, follow, max-snippet:-1, max-image-preview:large, max-video-preview:-1\" \/>\n<link rel=\"canonical\" href=\"https:\/\/www.cyclesomega.fr\/?page_id=704\" \/>\n<meta property=\"og:locale\" content=\"en_US\" \/>\n<meta property=\"og:type\" content=\"article\" \/>\n<meta property=\"og:title\" content=\"Tarifs atelier - Cycle Omega\" \/>\n<meta property=\"og:description\" content=\"Tarifs atelier Main d&#8217;oeuvre 90\u20ac\/heure-25% pour les v\u00e9los achet\u00e9s en magasin Montage v\u00e9lo complet 199\u20ac Purge frein VTT 25\u20ac Purge frein route 30\u20ac Nettoyage 45\u20ac R\u00e9glage de transmission 20\u20ac\" \/>\n<meta property=\"og:url\" content=\"https:\/\/www.cyclesomega.fr\/?page_id=704\" \/>\n<meta property=\"og:site_name\" content=\"Cycle Omega\" \/>\n<meta property=\"article:modified_time\" content=\"2024-11-18T09:36:47+00:00\" \/>\n<meta property=\"og:image\" content=\"http:\/\/www.cyclesomega.fr\/wp-content\/uploads\/2022\/05\/rise.png\" \/>\n<meta name=\"twitter:card\" content=\"summary_large_image\" \/>\n<script type=\"application\/ld+json\" class=\"yoast-schema-graph\">{\"@context\":\"https:\/\/schema.org\",\"@graph\":[{\"@type\":\"WebPage\",\"@id\":\"https:\/\/www.cyclesomega.fr\/?page_id=704\",\"url\":\"https:\/\/www.cyclesomega.fr\/?page_id=704\",\"name\":\"Tarifs atelier - Cycle Omega\",\"isPartOf\":{\"@id\":\"https:\/\/www.cyclesomega.fr\/#website\"},\"primaryImageOfPage\":{\"@id\":\"https:\/\/www.cyclesomega.fr\/?page_id=704#primaryimage\"},\"image\":{\"@id\":\"https:\/\/www.cyclesomega.fr\/?page_id=704#primaryimage\"},\"thumbnailUrl\":\"http:\/\/www.cyclesomega.fr\/wp-content\/uploads\/2022\/05\/rise.png\",\"datePublished\":\"2024-11-18T09:22:52+00:00\",\"dateModified\":\"2024-11-18T09:36:47+00:00\",\"breadcrumb\":{\"@id\":\"https:\/\/www.cyclesomega.fr\/?page_id=704#breadcrumb\"},\"inLanguage\":\"en-US\",\"potentialAction\":[{\"@type\":\"ReadAction\",\"target\":[\"https:\/\/www.cyclesomega.fr\/?page_id=704\"]}]},{\"@type\":\"ImageObject\",\"inLanguage\":\"en-US\",\"@id\":\"https:\/\/www.cyclesomega.fr\/?page_id=704#primaryimage\",\"url\":\"http:\/\/www.cyclesomega.fr\/wp-content\/uploads\/2022\/05\/rise.png\",\"contentUrl\":\"http:\/\/www.cyclesomega.fr\/wp-content\/uploads\/2022\/05\/rise.png\",\"width\":1751,\"height\":625},{\"@type\":\"BreadcrumbList\",\"@id\":\"https:\/\/www.cyclesomega.fr\/?page_id=704#breadcrumb\",\"itemListElement\":[{\"@type\":\"ListItem\",\"position\":1,\"name\":\"Home\",\"item\":\"https:\/\/www.cyclesomega.fr\/\"},{\"@type\":\"ListItem\",\"position\":2,\"name\":\"Tarifs atelier\"}]},{\"@type\":\"WebSite\",\"@id\":\"https:\/\/www.cyclesomega.fr\/#website\",\"url\":\"https:\/\/www.cyclesomega.fr\/\",\"name\":\"Cycle Omega\",\"description\":\"Vente tout type de v\u00e9lo sur Grasse \",\"publisher\":{\"@id\":\"https:\/\/www.cyclesomega.fr\/#organization\"},\"potentialAction\":[{\"@type\":\"SearchAction\",\"target\":{\"@type\":\"EntryPoint\",\"urlTemplate\":\"https:\/\/www.cyclesomega.fr\/?s={search_term_string}\"},\"query-input\":{\"@type\":\"PropertyValueSpecification\",\"valueRequired\":true,\"valueName\":\"search_term_string\"}}],\"inLanguage\":\"en-US\"},{\"@type\":\"Organization\",\"@id\":\"https:\/\/www.cyclesomega.fr\/#organization\",\"name\":\"Cycle Omega\",\"url\":\"https:\/\/www.cyclesomega.fr\/\",\"logo\":{\"@type\":\"ImageObject\",\"inLanguage\":\"en-US\",\"@id\":\"https:\/\/www.cyclesomega.fr\/#\/schema\/logo\/image\/\",\"url\":\"http:\/\/www.cyclesomega.fr\/wp-content\/uploads\/2022\/05\/logo_web-1.svg\",\"contentUrl\":\"http:\/\/www.cyclesomega.fr\/wp-content\/uploads\/2022\/05\/logo_web-1.svg\",\"width\":100,\"height\":100,\"caption\":\"Cycle Omega\"},\"image\":{\"@id\":\"https:\/\/www.cyclesomega.fr\/#\/schema\/logo\/image\/\"}}]}<\/script>\n<!-- \/ Yoast SEO plugin. -->","yoast_head_json":{"title":"Tarifs atelier - Cycle Omega","robots":{"index":"index","follow":"follow","max-snippet":"max-snippet:-1","max-image-preview":"max-image-preview:large","max-video-preview":"max-video-preview:-1"},"canonical":"https:\/\/www.cyclesomega.fr\/?page_id=704","og_locale":"en_US","og_type":"article","og_title":"Tarifs atelier - Cycle Omega","og_description":"Tarifs atelier Main d&#8217;oeuvre 90\u20ac\/heure-25% pour les v\u00e9los achet\u00e9s en magasin Montage v\u00e9lo complet 199\u20ac Purge frein VTT 25\u20ac Purge frein route 30\u20ac Nettoyage 45\u20ac R\u00e9glage de transmission 20\u20ac","og_url":"https:\/\/www.cyclesomega.fr\/?page_id=704","og_site_name":"Cycle Omega","article_modified_time":"2024-11-18T09:36:47+00:00","og_image":[{"url":"http:\/\/www.cyclesomega.fr\/wp-content\/uploads\/2022\/05\/rise.png","type":"","width":"","height":""}],"twitter_card":"summary_large_image","schema":{"@context":"https:\/\/schema.org","@graph":[{"@type":"WebPage","@id":"https:\/\/www.cyclesomega.fr\/?page_id=704","url":"https:\/\/www.cyclesomega.fr\/?page_id=704","name":"Tarifs atelier - Cycle Omega","isPartOf":{"@id":"https:\/\/www.cyclesomega.fr\/#website"},"primaryImageOfPage":{"@id":"https:\/\/www.cyclesomega.fr\/?page_id=704#primaryimage"},"image":{"@id":"https:\/\/www.cyclesomega.fr\/?page_id=704#primaryimage"},"thumbnailUrl":"http:\/\/www.cyclesomega.fr\/wp-content\/uploads\/2022\/05\/rise.png","datePublished":"2024-11-18T09:22:52+00:00","dateModified":"2024-11-18T09:36:47+00:00","breadcrumb":{"@id":"https:\/\/www.cyclesomega.fr\/?page_id=704#breadcrumb"},"inLanguage":"en-US","potentialAction":[{"@type":"ReadAction","target":["https:\/\/www.cyclesomega.fr\/?page_id=704"]}]},{"@type":"ImageObject","inLanguage":"en-US","@id":"https:\/\/www.cyclesomega.fr\/?page_id=704#primaryimage","url":"http:\/\/www.cyclesomega.fr\/wp-content\/uploads\/2022\/05\/rise.png","contentUrl":"http:\/\/www.cyclesomega.fr\/wp-content\/uploads\/2022\/05\/rise.png","width":1751,"height":625},{"@type":"BreadcrumbList","@id":"https:\/\/www.cyclesomega.fr\/?page_id=704#breadcrumb","itemListElement":[{"@type":"ListItem","position":1,"name":"Home","item":"https:\/\/www.cyclesomega.fr\/"},{"@type":"ListItem","position":2,"name":"Tarifs atelier"}]},{"@type":"WebSite","@id":"https:\/\/www.cyclesomega.fr\/#website","url":"https:\/\/www.cyclesomega.fr\/","name":"Cycle Omega","description":"Vente tout type de v\u00e9lo sur Grasse ","publisher":{"@id":"https:\/\/www.cyclesomega.fr\/#organization"},"potentialAction":[{"@type":"SearchAction","target":{"@type":"EntryPoint","urlTemplate":"https:\/\/www.cyclesomega.fr\/?s={search_term_string}"},"query-input":{"@type":"PropertyValueSpecification","valueRequired":true,"valueName":"search_term_string"}}],"inLanguage":"en-US"},{"@type":"Organization","@id":"https:\/\/www.cyclesomega.fr\/#organization","name":"Cycle Omega","url":"https:\/\/www.cyclesomega.fr\/","logo":{"@type":"ImageObject","inLanguage":"en-US","@id":"https:\/\/www.cyclesomega.fr\/#\/schema\/logo\/image\/","url":"http:\/\/www.cyclesomega.fr\/wp-content\/uploads\/2022\/05\/logo_web-1.svg","contentUrl":"http:\/\/www.cyclesomega.fr\/wp-content\/uploads\/2022\/05\/logo_web-1.svg","width":100,"height":100,"caption":"Cycle Omega"},"image":{"@id":"https:\/\/www.cyclesomega.fr\/#\/schema\/logo\/image\/"}}]}},"_links":{"self":[{"href":"http:\/\/www.cyclesomega.fr\/index.php?rest_route=\/wp\/v2\/pages\/704","targetHints":{"allow":["GET"]}}],"collection":[{"href":"http:\/\/www.cyclesomega.fr\/index.php?rest_route=\/wp\/v2\/pages"}],"about":[{"href":"http:\/\/www.cyclesomega.fr\/index.php?rest_route=\/wp\/v2\/types\/page"}],"author":[{"embeddable":true,"href":"http:\/\/www.cyclesomega.fr\/index.php?rest_route=\/wp\/v2\/users\/1"}],"replies":[{"embeddable":true,"href":"http:\/\/www.cyclesomega.fr\/index.php?rest_route=%2Fwp%2Fv2%2Fcomments&post=704"}],"version-history":[{"count":17,"href":"http:\/\/www.cyclesomega.fr\/index.php?rest_route=\/wp\/v2\/pages\/704\/revisions"}],"predecessor-version":[{"id":725,"href":"http:\/\/www.cyclesomega.fr\/index.php?rest_route=\/wp\/v2\/pages\/704\/revisions\/725"}],"wp:attachment":[{"href":"http:\/\/www.cyclesomega.fr\/index.php?rest_route=%2Fwp%2Fv2%2Fmedia&parent=704"}],"curies":[{"name":"wp","href":"https:\/\/api.w.org\/{rel}","templated":true}]}}